(o) = -o**3 + o**2 + 7. Let v be j(0). Suppose -28*l - 21 = -v*l. Let f(w) = -34*w. Give f(l).
34
Let v be (-1)/5 + (55/25 - 2). Suppose v = 5*d - 3*z + 36, 3*d + 2*z = -3*z - 8. Let u(f) = 0*f + 4*f - f + 3. Determine u(d).
-15
Let a(n) = 2760*n - 8280. Let i be a(3). Let o(c) be the third derivative of 1/8*c**4 + 0 - 34*c**2 + 5/6*c**3 + i*c. What is o(-5)?
-10
Let d(h) = -8*h + 243. Let n = -8653 - -8683. Calculate d(n).
3
Let w(v) = -v**2 + 2*v - 1. Let d(q) = 6*q**2 - 10*q + 6. Let u(y) = -2*d(y) - 11*w(y). Let j = 103963 + -103959. What is u(j)?
-25
Suppose -10*h + 11*h = -3*u - 11, -4*h - 2*u = 4. Let r(g) = -g**3 - 3*g**2 + g - 16. Let s(l) = -l**2 - l. Let f(n) = h*r(n) + 4*s(n). Calculate f(-7).
5
Let h = -15 + 11. Let y(d) = 8*d - 25. Let s be y(4). Let v(n) = -3*n + s*n - 8*n - 4. Determine v(h).
12
Suppose -61*k = -46*k - 90. Let x(q) = -q**2 - 4 + q**3 + 0*q**2 + 6*q**2 + q**2 + 5*q - k*q. Determine x(-6).
2
Let u(c) = -c**3 - 2*c**2 - 4*c - 3. Let h be (5 + -9)/((1 + -2)/7). Let r be -1 - (4/4 + -28). Let n = r - h. Determine u(n).
5
Suppose 2*t + 16 = 3*t + 4*o, 2*t - 26 = -2*o. Let r(w) = w**2 - t - 13 - 11 - 18*w + 3*w. Give r(17).
-2
Let j be (-2 + 3)*-1*(-4 + 1). Suppose 3*k - 57 = -3*x, 2*x - j*x + 4 = 0. Let v(y) = k*y + 19*y - 31*y - 1. Calculate v(2).
5
Let t(r) = -7*r**3 - 5*r**2 + 44*r - 23. Let v(w) = -15*w**3 - 11*w**2 + 96*w - 48. Let p(i) = 13*t(i) - 6*v(i). Calculate p(5).
-131
Let a(p) = 14*p + 49. Let g(f) = -3*f**3 + 202*f**2 + 134*f + 132. Let s be g(68). Determine a(s).
-7
Let i(w) = -w**3 - 5*w**2 + 5*w + 29. Let p be i(-5). Let s(f) = f**2 + 3*f - 25. Let q be s(p). Let j(z) = -z**2 - 4*z + 4. Determine j(q).
-17
Let f(p) = 2*p + 6. Let k(l) = -246*l**2 + 8*l + 12. Let t be k(-2). Let h be (-2)/(-5) + t/95. What is f(h)?
-14
Let v(d) = 2*d**3 - d + 10. Let m(r) = -13*r**3 + 8*r**2 - 11*r - 49. Let o(z) = -m(z) - 6*v(z). Determine o(5).
-1
Let o(v) be the third derivative of -11*v**4/24 + 35*v**3/6 + 169*v**2. Let d be o(4). Let c(l) = l**2 + 13*l + 9. What is c(d)?
-27
Let v(o) be the first derivative of -o**4/4 - 3*o**3 - o**2/2 - 21*o + 12783. Give v(-8).
-77
Let a(v) = v**3 - 9*v**2 + 3*v - 30. Suppose -3*i + 107 - 101 = -3*o, -2*i + 46 = 4*o. Calculate a(i).
-3
Let w(d) = 4*d**3 + 5*d**2 - 5*d + 8. Let t be w(3). Let f = t - 132. Let r(q) = -q**2 + 15*q - 15. Determine r(f).
-1
Let r(f) = -14*f - 1 + 13*f - 11*f + 16*f. Let x(b) = 7*b - 1. Let d(q) = -7*r(q) + 3*x(q). What is d(-5)?
39
Suppose -5*w = 6*w - 66. Let u be (6*3/(-15))/(w/20). Let h(t) = -4*t - 6. Give h(u).
10
Let v(h) = 2*h - 24. Let d(l) = -l + 12. Let x(s) = 5*d(s) + 2*v(s). Suppose -190*y + 189*y = -5. Calculate x(y).
7
Let y(s) be the second derivative of s**4/12 + 2*s**3/3 + 5*s**2/2 + 484*s. Calculate y(0).
5
Let t(w) = -2*w**3 - w**2 + 2*w. Suppose -106*q = -101*q - n, 5*q = 4*n - 15. Give t(q).
-1
Let y(k) be the second derivative of 3 + 1/6*k**3 + 1/6*k**4 - 3*k + 1/2*k**2. What is y(-2)?
7
Let c(a) = -1019 + 128*a - 87*a + 1016 - 62*a. Determine c(-3).
60
Let r(k) be the second derivative of 36*k - 1/6*k**3 + 1 + 1/20*k**5 - 5*k**2 + 0*k**4. Give r(0).
-10
Suppose -4*q - 2 = 6. Let h(b) = 6029023*b - 2 - 6029013*b - 2 + 5. Calculate h(q).
-19
Let b(d) = 22*d**2 + 13*d + 43. Let y(w) = 14*w**2 + 7*w + 28. Let p(q) = 5*b(q) - 8*y(q). What is p(4)?
-5
Let z(p) = -18*p + 16. Let u be (144/21 - 0)*7. Let o(a) = 3 - 5*a + a - 2 + 3*a. Let r(l) = u*o(l) - 3*z(l). Calculate r(3).
18
Let q(n) = -2*n**3 - n**2 - 10. Let p(k) = 5*k**3 + 12*k**2 - 23*k - 94. Let j(w) = -p(w) - 2*q(w). Give j(-11).
-18
Let v(y) = -2*y**3 + y**2 - y - 1. Let h be ((-30)/(-1))/(1 - 2 - (-30)/10). Let l be 1/(1/6) - 1. Suppose l = -h*k - 10. Determine v(k).
3
Let x = 33157 + -663139/20. Let c(j) be the second derivative of 0 - 3/4*j**4 + 5/3*j**3 - x*j**5 - 21*j - 5/2*j**2. Calculate c(-10).
-5
Let y(t) be the second derivative of -t**3 - t + 142. Determine y(-2).
12
Let f = 552 + -549. Let p(r) = -3 + 4 + 4*r**3 + 0 + 11*r**f. Give p(-1).
-14
Let f be 2/10*8*(-30)/12. Let a(r) = -r**2 - 8*r - 6. Let x(t) = -t**2 - 9*t - 7. Let g(h) = f*a(h) + 3*x(h). Calculate g(-3).
-3
Suppose -8*a - 27 = 61. Let v be 596/a - 34/(-187). Let n be (-2)/(-6) + 396/v. Let k(i) = i**3 + 7*i**2 - i - 7. Determine k(n).
0
Let b(o) = 11 - 40*o - 149 - 97 - 165. What is b(-10)?
0
Let t(a) = a - 3. Let z be t(9). Let x(d) = -d**3 - 4*d + 5*d**2 + 2 - z*d**2 + 5*d**2. Let v be (-39)/(-15) + 407/55 + -8. Calculate x(v).
2
Suppose 2*l - 5 = 5. Let y(m) = 10*m + l*m**3 - 4*m**2 - 3 + 0*m**3 - 4*m - 6*m**3. Suppose -10 = -p + 3*p. Calculate y(p).
-8
Suppose 2*f - 2*b = -6, 2*f + 2*b = 8 - 30. Let h(y) = -y**3 - 7*y**2 + y + 9. Let t be h(f). Let a(g) = g**2 - 2. Calculate a(t).
2
Let h(p) = 59 - p**2 - 28 - 20*p + 8*p - 48 - 20. Determine h(-5).
-2
Let y(d) = 21*d - 9. Let h(z) = 23*z - 5. Let w(s) = -8*h(s) + 9*y(s). Calculate w(8).
-1
Let s be 4/(-6)*(60/9)/(-20)*9. Let p(w) = -11*w + 24. What is p(s)?
2
Let i = 7002 - 7014. Let x(p) = -p**2 - 8*p + 34. Determine x(i).
-14
Let o(z) be the second derivative of -z**4/12 - 7*z**3/3 - 4*z**2 + 136*z. Calculate o(-10).
32
Let a(h) be the second derivative of -h**6/360 - h**5/60 + h**4/8 + 19*h**3/6 - 3*h - 10. Let p(m) be the second derivative of a(m). Give p(-4).
-5
Let d be 6/(136/16 + -10). Let j(h) = h**2 + 6*h + 4. Determine j(d).
-4
Let y(h) = -2*h**2 + 15*h - 1. Let n(g) = -9*g**2 + 88*g + 50. Let b(o) = -n(o) + 5*y(o). Give b(-7).
-13
Let o(v) be the first derivative of v**3/3 - 8*v + 570. What is o(0)?
-8
Let p(x) = -8 + 59*x + 5*x**2 + 7*x**2 - 83*x + 75*x + 92*x. Determine p(-12).
4
Let b be (-9 - (-6 + 1))*(-11)/2. Let m = 45 - b. Let i(j) = -20 - m + j + 49. Give i(-3).
3
Let w(j) = j**2 + 14*j + 1. Let a(q) = -3*q**2 + 69*q + 310. Let f be a(-4). What is w(f)?
1
Let k = 996 - 935. Let r(d) = -8 - 15*d + k*d - 20*d - 11*d - 8*d. What is r(6)?
34
Let u(o) = -7*o - 25. Let p be u(-4). Let h(t) = 15*t**2 + 4*t**3 - p*t**3 + 15*t**2 + 1 - 34*t**2. Suppose -4*c + 2*n = 3*n - 12, -5*n + 3 = c. What is h(c)?
-8
Let b(v) = -2*v**2 + 46*v + 22. Let a be b(23). Let s(q) = 6*q - 101. Calculate s(a).
31
Let w(p) be the first derivative of -p**4/24 + p**3/6 + p**2/2 - 17*p - 101. Let d(x) be the second derivative of w(x). What is d(4)?
-3
Let h(r) = -2*r**2 - 3*r + 1. Let s be (0 - 4/(-7))/(4/14). Suppose -12 = -4*k - s*k. Suppose -5 = q - k. Calculate h(q).
-8
Let d(o) = -4*o**3 + 6*o**2 + 10*o - 1. Let j(z) = 0*z**3 + 2561*z**2 - 2573*z**2 + 7*z**3 - 19*z + 3. Let a(f) = 5*d(f) + 3*j(f). Determine a(7).
4
Suppose -162*f - 845 = -197. Let b(s) = -s**2 - 5*s - 4. Let n be b(-3). Let k(z) = 4*z - 2*z - z**3 - 4*z**n + 0*z**3 - 5. Calculate k(f).
-13
Let m(q) be the second derivative of q**3/6 + 3*q**2 + 5*q + 2. Let i(d) = 2*d**3 + 2*d**2 + 12*d - 2. Let a be i(-6). Let j be a/70 - (-8)/(-10). What is m(j)?
-1
Let a(m) be the first derivative of -m**5/20 - 5*m**4/12 - m**3/6 - m**2/2 + 160*m + 284. Let i(k) be the first derivative of a(k). What is i(-3)?
-16
Let s(g) = 14*g - 16. Let a(x) = -5*x + 5. Let v(j) = -8*a(j) - 3*s(j). Let r be (656/(-123))/(2/6). Let d be (-4)/(-16) + 0 + (-92)/r. Determine v(d).
-4
Let f(r) be the second derivative of -r**5/20 - r**4/3 - 5*r**3/6 - 2*r**2 + 859*r. Determine f(-4).
16
Let b = 87 - 83. Let p(y) = 1 - b - 2076*y + 2088*y. Let g(f) = 3*f - 1. Let v(k) = -9*g(k) + 2*p(k). Calculate v(-4).
15
Let f(p) = 9*p + 5. Let a(i) = -2 + 42 - 29 + 19*i. Let o(g) = 4*a(g) - 9*f(g). Calculate o(-2).
9
Let h(g) = 3*g - 7. Suppose 56 + 9 = -13*d. Let m(c) = c**2 - 2*c - 30. Let n be m(d). Calculate h(n).
8
Let s(y) = 17*y - 122. Let z(n) = -4*n**2 + 35*n - 59. Let u be z(6). What is s(u)?
-3
Let s(j) = 2 + 4018*j**2 - 2*j - 8033*j**2 + 4017*j**2. Suppose 2*i = 4 + 2. Let x = -1 + i. Determine s(x).
6
Suppose 0 = 45*f - 2*f + 688. Let o(t) = t - 51 - 7*t + 3*t. Let k be o(f). Let m(v) = v**3 + 4*v**2 + v - 1. Give m(k).
5
Let x(m) = -m**2 + 3*m - 3. Let k = 39 + -11. Suppose -4*f + 17 = 2*b - f, -k = -4*b - 4*f. Let t(s) = -3*s + 9. Let u be t(b). Calculate x(u).
-21
Let s(a) be the third derivative of -13*a**4/24 + 2*a**3/3 - 3*a**2 + 143. What is s(5)?
-61
Let o = -494 - -496. Let i(d) = 289 - d**o + 287 + 2*d - 